{"id":326,"date":"2025-04-10T11:41:17","date_gmt":"2025-04-10T09:41:17","guid":{"rendered":"https:\/\/demo.svartpist.se\/trahantverk\/?post_type=product&#038;p=326"},"modified":"2025-05-09T15:53:32","modified_gmt":"2025-05-09T13:53:32","slug":"jarvsobagen-reparation","status":"publish","type":"product","link":"https:\/\/demo.svartpist.se\/trahantverk\/produkt\/jarvsobagen-reparation\/","title":{"rendered":"J\u00e4rvs\u00f6b\u00e5gen"},"content":{"rendered":"<h3>Renoverad J\u00e4rvs\u00f6b\u00e5ge<\/h3>\n<ul>\n<li>Den f\u00f6rsta modellen av J\u00e4rvs\u00f6b\u00e5gen, utan klackar<\/li>\n<li>Uppdaterad elektronik, med samma specifikationer som nyproducerade J\u00e4rvs\u00f6b\u00e5gar<\/li>\n<li>V\u00e4lj mellan tv\u00e5 storlekar och fyra f\u00e4rger<\/li>\n<li>G\u00e5r att k\u00f6pa \u00e4ven om du inte byter in en gammal J\u00e4rvs\u00f6b\u00e5ge<\/li>\n<li>G\u00e5r att k\u00f6pa till reducerat pris om du byter in din gamla J\u00e4rvs\u00f6b\u00e5ge<\/li>\n<li>Fraktfritt &#8211; g\u00e4ller b\u00e5de leverans och inbyte<\/li>\n<\/ul>\n<p>&nbsp;<\/p>\n<p><strong>Design<br \/>\n<\/strong>Bengt Olov Janars, J\u00e4rvs\u00f6.<br \/>\nM\u00f6nsterskyddad.<br \/>\nRegistred Community Design no. 001618281-0001<\/p>\n<p>&nbsp;<\/p>\n<div class=\"fusion-title title fusion-title-3 fusion-sep-none fusion-title-text fusion-title-size-four\">\n<h3 class=\"fusion-title-heading title-heading-left fusion-responsive-typography-calculated\" data-fontsize=\"30\" data-lineheight=\"42px\">Inbyteskampanj &#8211; s\u00e5 fungerar det<\/h3>\n<\/div>\n<div class=\"fusion-text fusion-text-5\">\n<ol>\n<li><strong>V\u00e4lj din nya b\u00e5ge<\/strong><br \/>\nV\u00e4lj den version av <u>renoverad<\/u> J\u00e4rvs\u00f6b\u00e5ge som du \u00f6nskar (stor eller liten samt f\u00e4rg)<\/li>\n<li><b>Ange rabattkod &amp; fraktalternativ<br \/>\n<\/b>V\u00e4lj alternativet \u201dInbyte\u201d ovan, \u00a0f\u00f6r att f\u00e5 300 kronor i rabatt. V\u00e4lj ocks\u00e5 hur du vill l\u00e4mna in din gamla b\u00e5ge.<\/li>\n<li><b><b><b>Betala och f\u00e5 en bekr\u00e4ftelse<\/b><\/b><\/b><\/li>\n<li><b><b><b>Leverans och retur av din gamla J\u00e4rvs\u00f6b\u00e5ge<\/b><br \/>\n<\/b><\/b>N\u00e4r k\u00f6pet \u00e4r slutf\u00f6rt skickas en nyrenoverad J\u00e4rvs\u00f6b\u00e5ge till dig, i den storlek och f\u00e4rg som du valt. I kartongen som din best\u00e4llning anl\u00e4nder i l\u00e4gger du sedan din gamla J\u00e4rvs\u00f6b\u00e5ge som ska skickas tillbaka. Anv\u00e4nd den bifogade fraktsedeln f\u00f6r att returnera paketet fraktfritt.<\/li>\n<li><b>Klart<br \/>\n<\/b>N\u00e4r vi tagit emot din gamla b\u00e5ge \u00e4r inbytet fullbordat.<br \/>\n<strong><em>Observera att om vi inte mottager den inom 2 veckor skickas en faktura p\u00e5 300 kr<\/em><\/strong><\/li>\n<\/ol>\n<\/div>\n<p>&nbsp;<\/p>\n","protected":false},"excerpt":{"rendered":"<p>Renoverad<\/p>\n","protected":false},"featured_media":438,"comment_status":"open","ping_status":"closed","template":"","meta":[],"product_brand":[],"product_cat":[34],"product_tag":[],"class_list":{"0":"post-326","1":"product","2":"type-product","3":"status-publish","4":"has-post-thumbnail","6":"product_cat-okategoriserad","8":"first","9":"instock","10":"shipping-taxable","11":"purchasable","12":"product-type-variable"},"_links":{"self":[{"href":"https:\/\/demo.svartpist.se\/trahantverk\/wp-json\/wp\/v2\/product\/326","targetHints":{"allow":["GET"]}}],"collection":[{"href":"https:\/\/demo.svartpist.se\/trahantverk\/wp-json\/wp\/v2\/product"}],"about":[{"href":"https:\/\/demo.svartpist.se\/trahantverk\/wp-json\/wp\/v2\/types\/product"}],"replies":[{"embeddable":true,"href":"https:\/\/demo.svartpist.se\/trahantverk\/wp-json\/wp\/v2\/comments?post=326"}],"wp:featuredmedia":[{"embeddable":true,"href":"https:\/\/demo.svartpist.se\/trahantverk\/wp-json\/wp\/v2\/media\/438"}],"wp:attachment":[{"href":"https:\/\/demo.svartpist.se\/trahantverk\/wp-json\/wp\/v2\/media?parent=326"}],"wp:term":[{"taxonomy":"product_brand","embeddable":true,"href":"https:\/\/demo.svartpist.se\/trahantverk\/wp-json\/wp\/v2\/product_brand?post=326"},{"taxonomy":"product_cat","embeddable":true,"href":"https:\/\/demo.svartpist.se\/trahantverk\/wp-json\/wp\/v2\/product_cat?post=326"},{"taxonomy":"product_tag","embeddable":true,"href":"https:\/\/demo.svartpist.se\/trahantverk\/wp-json\/wp\/v2\/product_tag?post=326"}],"curies":[{"name":"wp","href":"https:\/\/api.w.org\/{rel}","templated":true}]}}